tors of g.
5, 19
Let r(t) = t**2 + 5*t + 3. Let i be r(-3). Let q be (-1)/4 - (-130)/40. Let f = q - i. What are the prime factors of f?
2, 3
Let c be -3 + -9*10/(-15). List the prime factors of 2/c + (-912)/(-36).
2, 13
Suppose 2*z = 2*f - 3016, -3*f + 5*z = -7*f + 6077. List the prime factors of f.
17, 89
Let s be (-1280)/48*(-24)/10. Suppose -5*h = 3*y - s, -2*y + y - 4*h = -26. What are the prime factors of y?
2, 3
Suppose 9*u - 4*u - 50 = 0. Let v = u - 6. What are the prime factors of (74/3)/(v/6)?
37
Let x = -1246 + 2712. What are the prime factors of x?
2, 733
Let d(s) be the third derivative of 7*s**6/120 - s**5/15 - s**4/24 - s**3/3 + 15*s**2. List the prime factors of d(3).
2, 37
Let l(k) = k**3 + 5*k**2 - 14*k + 17. What are the prime factors of l(-7)?
17
Let m = 287 - 43. Suppose -21*x = -17*x - m. What are the prime factors of x?
61
Let s(x) = x**3 + 8*x**2 + 8*x + 6. Let a be s(-6). Suppose 17 = 2*w + 5*l, 5*w - a = -4*l + 38. Suppose -t - w = -2*t. What are the prime factors of t?
2
Suppose -2*a = 5*w - 3*w - 1252, 2*a = 4*w + 1246. List the prime factors of a.
5
Let i(l) = 87*l + 7. List the prime factors of i(6).
23
Let u(k) = -11*k + 3. Let h be u(1). Let a = 49 + h. List the prime factors of a.
41
Let c = -69 - 5. Let n(l) = l**3 + l**2 - 7*l + 11. Let j be n(-6). Let f = c - j. What are the prime factors of f?
53
Let s(o) = -o**3 + 9*o**2 + 32*o + 13. What are the prime factors of s(7)?
5, 67
Let u = 1404 - 652. List the prime factors of u.
2, 47
Let w(o) = o**3 - 2*o**2 - 6*o - 5. Let i be w(-4). Let s = i + 115. Let f = s + -20. What are the prime factors of f?
2, 3
Suppose 3*p + 2*b + 2*b = -41, -5*p - 50 = 3*b. What are the prime factors of 142 - 0 - (56/p - -4)?
2, 73
Suppose -2*z + 4 = -3*z - m, 2*m - 4 = 0. Let r be 4 + (-4)/z*-3. Suppose 8 = -i + r*i. List the prime factors of i.
2
Suppose 2*h = -1775 - 593. What are the prime factors of h/(-5) - (156/(-30) - -5)?
3, 79
Let d be (-38)/9 - 6/(-27). Let i be -4 + (-2)/(-2) - (-4402)/(-142). What are the prime factors of (-6)/(d - -1) - i?
2, 3
Suppose 5879 = 4*i + 3*b, -3*b + 7*b - 5876 = -4*i. What are the prime factors of i?
2, 23
What are the prime factors of (345/(-5))/(78/(-1742))?
23, 67
Let x = 13 - 17. Let l be 44/(-8) + (-2)/x. What are the prime factors of (-52)/l - 6/15?
2, 5
Suppose -a - 4*a + 35 = 0. Let x be 3/2 + a/2. Suppose 13 - x = w. What are the prime factors of w?
2
Suppose 49*r + 1100 = 59*r. List the prime factors of r.
2, 5, 11
List the prime factors of (4 + -1)/((-5598)/(-1864) - 3).
2, 233
Suppose -n = -6*n + 15. Suppose n*p - 4*w - 4 = 12, 2*p = -2*w + 20. What are the prime factors of p?
2
Let j = 8 + -3. Suppose 0*r + 252 = 4*r + j*l, -2*l - 108 = -2*r. List the prime factors of r.
2, 29
Let p be 2/((-3)/(3495/(-10))). Let a = 351 - p. What are the prime factors of a?
2, 59
Let v(p) = 88*p + 149. What are the prime factors of v(6)?
677
Let t(f) = f**3 + 6*f**2 - 7*f + 2. Let k be t(-7). Suppose -4*d + 42 = -0*r + 5*r, r = -k*d + 12. List the prime factors of r.
2, 3
Let c(x) be the third derivative of 5*x**4/12 + 4*x**3/3 + 7*x**2. What are the prime factors of c(5)?
2, 29
Let o = 4 + -5. Let u be (3*24)/(o/(-17)). List the prime factors of (-2)/8 - u/(-32).
2, 19
Let s(q) = 21*q**2 + 2*q + 1. Let k be s(-1). Let j = 11 - k. What are the prime factors of (-6 + 1)*(j - -4)?
5
Let g = 13 - 15. List the prime factors of (-64 + g)*(-2)/4.
3, 11
Let q(m) = m**3 - 10*m**2 + 2*m + 1. Let t be q(11). Let h = -74 + t. List the prime factors of h.
2, 5, 7
Suppose -5 = -3*z + 4*z. Let r be (0 + 1)/(1/z). What are the prime factors of (-19)/(4/(20/r))?
19
Suppose 7*w - 4 = 8*w, -5*w = -2*m + 930. What are the prime factors of m?
5, 7, 13
Let g(a) = 2*a**2 - 8*a + 8. Let u be g(4). List the prime factors of (u/(-80) - (-4)/(-10))*-134.
67
Suppose 0 = a + 3*a - 5*s + 8, a = s - 3. Let p be 2*3/a*-287. Suppose 5*j = p + 54. List the prime factors of j.
2, 3, 5
Let y(n) = 4*n**3 - 16*n**2 - 16*n + 43. List the prime factors of y(8).
3, 313
Let d(g) = -91*g - 87. What are the prime factors of d(-9)?
2, 3, 61
Let k(t) = -10*t**3 - 6*t**2 + 13*t + 1. What are the prime factors of k(-4)?
17, 29
Let z(i) = -3*i**2 - 37*i + 8. Let m be z(-11). What are the prime factors of m*2 + 5/(-1)?
3, 11
Suppose -u = -0 - 2. Let d(l) = 7 - 2*l**u + 1 + 6*l**2 - 2*l**2 - 8*l. List the prime factors of d(7).
2, 5
Suppose -a + 16 + 39 = -5*i, 4*a - 3*i = 135. What are the prime factors of (a/(-9))/((-3)/63)?
2, 5, 7
Suppose -h + 4502 = -14*a + 19*a, 2*a + 5*h = 1810. What are the prime factors of a?
2, 3, 5
List the prime factors of ((-11284)/(-20) - -3)*5.
2, 709
Let r = -22 + 24. What are the prime factors of r*(3 + -4) - -52?
2, 5
Let k(j) = j**2 + 112*j - 1 + 0*j**2 - 3 - 102*j. Let d be 26/(-2) - (1 + -3). What are the prime factors of k(d)?
7
Let w be (-14*1)/(((-14)/3)/7). Let a = 56 - w. List the prime factors of a.
5, 7
Let y = -336 - 96. Let g = 613 + y. What are the prime factors of g?
181
Let b(o) = -o + 11. Let v be b(8). Suppose 2*d - 6 - 6 = 4*r, d = -v*r + 1. List the prime factors of d.
2
Let j be (-5 + 5 + -2)/(2*1). What are the prime factors of j/(770/(-255) + 3)?
3, 17
What are the prime factors of (146 + 1)*(-138)/(-18)?
7, 23
What are the prime factors of (-703)/(-95) + 6/10 + 595?
3, 67
List the prime factors of (-10095)/(-20)*(-32)/(-24).
673
Let k be 39/(-26) - 38/4. Let v(t) = t**3 + 10*t**2 - 15*t - 5. What are the prime factors of v(k)?
3, 13
Let v(h) = -17*h**3 + 6*h + 9. What are the prime factors of v(-3)?
2, 3, 5
Let p be 0/(7/(14/(-4))). Let k(i) = i - 14. Let f be k(16). Suppose -f*m + 0*m + 10 = p. What are the prime factors of m?
5
Let r be (-3 + 0)/(36/(-24)). Suppose -118 = -r*a - 2*a + 2*f, 5*f = -a + 46. What are the prime factors of a?
31
Let x(n) = 3*n + 22. Let m be x(-8). Let o(i) = -25*i - 2. List the prime factors of o(m).
2, 3
Let i(z) = -z**3 + 8*z**2 - 10*z + 1. Let n be i(7). Let j be (n/(-12))/(-5)*-15. What are the prime factors of 10 + 1 + -3 + j?
13
Let q(w) be the third derivative of 2*w**2 + 0*w + 0 - 5/6*w**3 - 1/20*w**5 + 1/60*w**6 + 1/8*w**4. What are the prime factors of q(3)?
31
Let r = 25 - 14. Let v = 13 - r. Suppose v*u + u = 6. List the prime factors of u.
2
Let f = -7 - -4. Let y(r) be the first derivative of -7*r**2/2 - 6. What are the prime factors of y(f)?
3, 7
Let x(u) be the first derivative of -u**2 - 98*u - 4. Let c be x(0). Let j = 151 + c. List the prime factors of j.
53
Suppose r - 2*r = 3*w - 1103, r + w = 1099. What are the prime factors of r?
1097
Let z = -365 + 549. Suppose 0 = 7*t - 68 - z. List the prime factors of t.
2, 3
Suppose 5*t - p = -4*p - 12, 0 = -4*p - 16. Suppose 7*k - 3*k = t. Suppose -5*m - 5 = k, 6*m = -o + m + 11. List the prime factors of o.
2
Suppose 39*j - 35*j - 5176 = 0. List the prime factors of j.
2, 647
Suppose 6*g - 1838 = -494. What are the prime factors of g?
2, 7
Suppose -2*o = -3*r + 5, -2*r + r = -o. Suppose -4*n - o*d = -36, 4*n - d - 21 = -9. Suppose 14 = n*v - 94. What are the prime factors of v?
3
Suppose 3*o - l + 5*l = 2865, -3*o - l + 2865 = 0. What are the prime factors of o?
5, 191
Let c(l) = l**3 - l**2 + 3. Let f be c(0). Suppose d + j + 4 = -f, -3*j = -3*d + 3. What are the prime factors of (34/6)/((-1)/d)?
17
Suppose 4 = 2*r - 16. Suppose 7*x + 300 = r*x. What are the prime factors of x?
2, 5
Let a(o) = -3*o**3 - 2*o**2 + 8*o + 4. Let q be a(4). Let z = -98 - q. What are the prime factors of z?
2, 3, 5
Suppose -2*q - 4*f - 12 = -0*q, -15 = -3*q + 5*f. Let g = 90 + -90. Suppose g = -4*d + 88 - q. What are the prime factors of d?
2, 11
Let z(k) = 43*k**2 - 10*k + 18. List the prime factors of z(-6).
2, 3, 271
Let q = -53 - -57. Suppose 2*h = 5*h - 3, q*t = -3*h + 39. What are the prime factors of t?
3
Suppose 0 = 4*y - 8490 - 5930. What are the prime factors of y?
5, 7, 103
Suppose 0 = -2*n + 14 + 6. What are the prime factors of (12/n)/(3/100)?
2, 5
Suppose 92*z - 3054 = 86*z. What are the prime factors of z?
509
Let n = 130 + 157. Suppose 5*p = n + 93. List the prime factors of p.
2, 19
Let f = 3727 + -2167. List the prime factors of f.
2, 3, 5, 13
Let n be 542/17 + (-14)/(-119). Let p be (n/(-12))/(8/(-12)). Suppose -2*h = -p*h + 4*j + 34, -5*j -